t the prime factors of 437332.
2, 7, 15619
What are the prime factors of 915347?
73, 12539
What are the prime factors of 4586726?
2, 53, 43271
What are the prime factors of 88827?
3, 29, 1021
List the prime factors of 211474.
2, 43, 2459
List the prime factors of 941054.
2, 83, 5669
What are the prime factors of 120740?
2, 5, 6037
List the prime factors of 291856.
2, 17, 29, 37
What are the prime factors of 69528?
2, 3, 2897
What are the prime factors of 343396?
2, 293
What are the prime factors of 13335037?
13335037
List the prime factors of 112505.
5, 22501
List the prime factors of 389010.
2, 3, 5, 12967
What are the prime factors of 5787?
3, 643
List the prime factors of 11301362.
2, 17, 332393
List the prime factors of 13887021.
3, 4629007
What are the prime factors of 21472804?
2, 73, 151, 487
What are the prime factors of 3574070?
2, 5, 419, 853
What are the prime factors of 2591167?
2591167
List the prime factors of 152101.
89, 1709
What are the prime factors of 179402?
2, 271, 331
What are the prime factors of 3573661?
7, 13, 173, 227
What are the prime factors of 435274?
2, 7, 31091
List the prime factors of 297433.
283, 1051
List the prime factors of 274401.
3, 10163
What are the prime factors of 2450161?
7, 571, 613
List the prime factors of 4248085.
5, 31, 27407
What are the prime factors of 4548?
2, 3, 379
List the prime factors of 9654058.
2, 4827029
What are the prime factors of 7623436?
2, 149, 12791
List the prime factors of 1540675.
5, 61627
What are the prime factors of 3425880?
2, 3, 5, 28549
What are the prime factors of 222767?
89, 2503
What are the prime factors of 3366522?
2, 3, 2309
What are the prime factors of 6253279?
41, 152519
What are the prime factors of 13735166?
2, 1451, 4733
What are the prime factors of 2147912?
2, 13, 19, 1087
What are the prime factors of 52074?
2, 3, 11, 263
What are the prime factors of 97491?
3, 32497
What are the prime factors of 8838003?
3, 23, 5569
What are the prime factors of 31814151?
3, 19, 53, 10531
What are the prime factors of 576843?
3, 59, 3259
What are the prime factors of 133592?
2, 16699
What are the prime factors of 12191225?
5, 487649
List the prime factors of 709501.
13, 54577
What are the prime factors of 27774940?
2, 5, 17, 151, 541
What are the prime factors of 7373897?
337, 21881
What are the prime factors of 16586860?
2, 5, 31, 863
What are the prime factors of 1496557?
317, 4721
List the prime factors of 1145347.
7, 163621
What are the prime factors of 437045?
5, 7, 12487
What are the prime factors of 1672054?
2, 23, 163, 223
List the prime factors of 1453056.
2, 3, 11, 43
List the prime factors of 5080047.
3, 7, 241907
What are the prime factors of 9185835?
3, 5, 19, 167, 193
List the prime factors of 259125.
3, 5, 691
List the prime factors of 262130.
2, 5, 11, 2383
What are the prime factors of 1780535?
5, 53, 6719
List the prime factors of 472065.
3, 5, 11, 2861
List the prime factors of 1685403.
3, 401, 467
List the prime factors of 4029918.
2, 3, 17, 39509
What are the prime factors of 5531718?
2, 3, 103, 8951
List the prime factors of 35139450.
2, 3, 5, 317, 739
What are the prime factors of 422624?
2, 47, 281
List the prime factors of 186153.
3, 11, 5641
What are the prime factors of 20550638?
2, 23, 446753
List the prime factors of 30761840.
2, 5, 17, 22619
What are the prime factors of 80546?
2, 17, 23, 103
List the prime factors of 10780208.
2, 193, 3491
List the prime factors of 301338.
2, 3, 16741
List the prime factors of 8410746.
2, 3, 1401791
List the prime factors of 14626041.
3, 59, 82633
What are the prime factors of 98420?
2, 5, 7, 19, 37
What are the prime factors of 7309357?
11, 19, 41, 853
List the prime factors of 218950.
2, 5, 29, 151
List the prime factors of 1200148.
2, 151, 1987
What are the prime factors of 5607385?
5, 7, 151, 1061
What are the prime factors of 6119820?
2, 3, 5, 7, 1619
List the prime factors of 396674.
2, 198337
What are the prime factors of 3210118?
2, 97, 16547
List the prime factors of 439177.
31, 457
What are the prime factors of 738775?
5, 29, 1019
List the prime factors of 6691415.
5, 461, 2903
List the prime factors of 1432223.
13, 29, 131
What are the prime factors of 117025?
5, 31, 151
What are the prime factors of 122493?
3, 7, 19, 307
What are the prime factors of 21615002?
2, 10807501
What are the prime factors of 449024?
2, 877
List the prime factors of 487270.
2, 5, 7, 6961
List the prime factors of 584661.
3, 7, 11, 2531
What are the prime factors of 509715?
3, 5, 47, 241
What are the prime factors of 1881114?
2, 3, 19, 29, 569
What are the prime factors of 3963931?
3963931
What are the prime factors of 3697379?
7, 528197
What are the prime factors of 212343?
3, 37, 1913
What are the prime factors of 967370?
2, 5, 96737
What are the prime factors of 650237?
7, 19, 4889
What are the prime factors of 5238763?
29, 180647
What are the prime factors of 6387672?
2, 3, 266153
What are the prime factors of 452505?
3, 5, 97, 311
List the prime factors of 18931374.
2, 3, 7, 11, 29, 157
List the prime factors of 623820.
2, 3, 5, 37, 281
List the prime factors of 1523612.
2, 23, 16561
What are the prime factors of 1330594?
2, 37, 17981
List the prime factors of 111673.
17, 6569
What are the prime factors of 5818814?
2, 2909407
What are the prime factors of 14549320?
2, 5, 47, 71, 109
What are the prime factors of 3701350?
2, 5, 74027
What are the prime factors of 5092204?
2, 13, 97927
What are the prime factors of 3741296?
2, 13, 17987
List the prime factors of 83396.
2, 20849
What are the prime factors of 428207?
13, 32939
List the prime factors of 15141349.
283, 53503
What are the prime factors of 7661220?
2, 3, 5, 7, 17, 29, 37
What are the prime factors of 2747222?
2, 1373611
What are the prime factors of 1095948?
2, 3, 7, 4349
List the prime factors of 38563801.
23, 1676687
List the prime factors of 1034072.
2, 13, 61, 163
List the prime factors of 2002989.
3, 449, 1487
List the prime factors of 28258387.
28258387
What are the prime factors of 7723498?
2, 41, 131, 719
What are the prime factors of 297538?
2, 31, 4799
What are the prime factors of 572305?
5, 17, 6733
List the prime factors of 8152817.
8152817
What are the prime factors of 4255011?
3, 131, 401
List the prime factors of 1131211.
953, 1187
List the prime factors of 5056452.
2, 3, 46819
What are the prime factors of 1091178?
2, 3, 11, 167
What are the prime factors of 110045?
5, 13, 1693
List the prime factors of 511960.
2, 5, 12799
List the prime factors of 554806.
2, 7, 23, 1723
What are the prime factors of 114631?
11, 17, 613
List the prime factors of 211051.
211051
What are the prime factors of 1863724?
2, 465931
What are the prime factors of 202608?
2, 3, 7, 67
List the prime factors of 530395.
5, 37, 47, 61
List the prime factors of 374579.
83, 4513
What are the prime factors of 1805113?
181, 9973
List the prime factors of 27749691.
3, 1129, 2731
List the prime factors of 21743874.
2, 3, 163, 7411
List the prime factors of 328472.
2, 19, 2161
What are the prime factors of 1750619?
13, 311, 433
What are the prime factors of 40507?
40507
List the prime factors of 215189.
13, 16553
What are the prime factors of 2458667?
2458667
What are the prime factors of 1640853?
3, 337, 541
What are the prime factors of 23010137?
29, 793453
List the prime factors of 775574.
2, 17, 22811
List the prime factors of 580686.
2, 3, 17, 5693
What are the prime factors of 10753646?
2, 83, 64781
What are the prime factors of 13153808?
2, 822113
What are the prime factors of 870838?
2, 435419
List the prime factors of 85350.
2, 3, 5, 569
What are the prime factors of 12288087?
3, 7, 195049
List the prime factors of 6671997.
3, 61, 4051
List the prime factors of 50617.
7, 1033
List the prime factors of 114231.
3, 13, 29, 101
What are the prime factors of 1594152?
2, 3, 7, 3163
List the prime factors of 2819645.
5, 563929
List the prime factors of 480024.
2, 3, 59, 113
List the prime factors of 219397.
23, 9539
What are the prime factors of 17785357?
197, 90281
List the prime factors of 20632982.
2, 10316491
What are the prime factors of 301739?
19, 15881
What are the prime factors of 941934?
2, 3, 7, 41, 547
What are the prime factors of 984009?
3, 13, 23, 1097